 95 = -m. What is the greatest common factor of 4 and w?
4
Suppose -35 = -7*q + 2*q. Calculate the highest common factor of q and 21.
7
Let k be 75/4 + 2/8. What is the highest common divisor of 152 and k?
19
Suppose -28 = 2*w + 2*j, -5*j + 9 = -2*j. Let d = 29 + w. Calculate the greatest common factor of 132 and d.
12
Let u be (2 - 1)*(-2 + 4). Suppose 16 = u*b - 24. Calculate the greatest common divisor of b and 50.
10
Let g be (60/(-16))/((-6)/16). Let q be 41 + 1 + g/5. What is the greatest common divisor of 66 and q?
22
Let y(p) = 30*p - 3. Let j be y(-7). Let u be (-2)/(-8) - j/12. Suppose -t - 2*t + 6 = 0. What is the highest common divisor of u and t?
2
Let g = 70 + -43. Calculate the highest common divisor of g and 9.
9
Suppose -9*x = -4*x - 45. Calculate the greatest common factor of 81 and x.
9
Suppose -2*z + 6 + 2 = 0, 4*g - 5*z = 148. Suppose 5*h - 3 - 2 = 0. Let i be (-10)/5 + (108 - h). Calculate the greatest common divisor of g and i.
21
Let g(a) = -2*a**2 - 6*a + 5. Let w be g(4). Let q(f) = f**3 + 8*f**2. Let s be q(-6). Let b = s + w. What is the greatest common divisor of 3 and b?
3
Let p be -1*(-11 - -1 - 2). Let z be (-2*p/(-1))/1. Calculate the highest common divisor of 16 and z.
8
Let j(u) be the second derivative of -u**5/20 - u**4/12 - u**3/6 - u**2/2 - u. Let o be j(-2). Calculate the greatest common factor of 20 and o.
5
Suppose t + 2 = 7. Suppose -3*b - 466 = -t*z, 0*z - 89 = -z + 2*b. What is the greatest common divisor of 19 and z?
19
Let x be 41 + (2 - 1)*-1. Suppose 0*y = 3*s + 2*y - x, 5*s - 62 = -y. Calculate the greatest common divisor of 108 and s.
12
Let h be 4/1 - (-3 + 3). What is the highest common divisor of h and 16?
4
Suppose 0 = 2*h + 2*h - 4. Calculate the greatest common factor of 1 and h.
1
Suppose 2*j - 12 = 4*q + 14, j + 5*q = -8. What is the highest common factor of j and 112?
7
Let g(r) = 2*r**2 - 9*r + 6. Let l be g(6). Let m = -45 + 80. Let n be m*(3 - 9/7). What is the highest common divisor of n and l?
12
Suppose -19*v + 914 + 112 = 0. What is the greatest common divisor of 6 and v?
6
Let f(h) = 2*h**3 - 3*h**2 - h. Let a be f(3). Let z be (0 - -193) + (-1)/1. Calculate the highest common factor of z and a.
24
Let x = 114 + -102. Let r be (-2)/((-1)/2 + 0). Let g = 52 - r. Calculate the highest common factor of g and x.
12
Let k(t) = -8*t - 8. Let v be k(-4). What is the highest common factor of 72 and v?
24
Let a = -14 - -20. Calculate the highest common factor of a and 4.
2
Let b = 3 - -2. Suppose -c - 8 = -b*h, 3*h - 5 = -2*c + 5. What is the highest common factor of 4 and h?
2
Suppose 3*b + 324 = 6*b. Suppose s - b = -3*s. What is the greatest common divisor of 9 and s?
9
Let k be ((-18)/(-12))/(9/264). Calculate the greatest common divisor of 77 and k.
11
Let c be (-2)/(-9) - (-4)/(-18). Suppose c*r - 15 = -5*r. Suppose 124 = 5*z + t + 19, 3*z - 63 = -r*t. What is the highest common factor of 231 and z?
21
Let m(n) = 4*n**2 - 4*n. Suppose -5*s + 5*q = 0, -2*q + 18 = 5*s - q. Let c be m(s). Let w be (-2 - -4)*c/2. Calculate the greatest common divisor of 3 and w.
3
Let m be (-27)/18 + 143/2. Suppose 0 = -4*z + 7 + 1. Suppose c + 25 = 4*d - z*c, -3*d = -5*c - 16. Calculate the greatest common factor of d and m.
7
Let j(x) = 2*x**3 - 16*x**2 + x - 5. Let o be j(8). Let d = 0 + 3. Calculate the highest common divisor of o and d.
3
Let k be 21 + (-2)/(-2) - (7 + -5). What is the greatest common factor of 80 and k?
20
Let b(o) be the first derivative of -o**4/4 + o**2/2 + 9*o - 1. Let p = -12 + 12. Let s be b(p). What is the greatest common factor of s and 63?
9
Let q(l) = -8*l + 148. Let d be q(0). Calculate the highest common factor of 111 and d.
37
Let s be 40/6 + (-2)/(-6). Let m(v) = 3*v - 10. Let w be m(s). Suppose -b + w = -2*z, 2*z + 2*z - 41 = -5*b. Calculate the greatest common factor of 63 and b.
9
Suppose -3*y + 2*y + 9 = 0. Suppose 0 = -5*h + 4*v + 37, -2*h + y = -5*v + 1. Calculate the highest common factor of h and 27.
9
Suppose 0 = -2*x + 4*o + 10, x + 0*o = -2*o + 9. Suppose 342 = 5*i + q, -3*i + x*i = -4*q + 280. Calculate the greatest common divisor of 17 and i.
17
Let o be 19/19*1*8. Calculate the highest common divisor of o and 6.
2
Let z(y) = 4*y**2 - 2*y. Let g be z(2). Suppose -3*c = c + 304. Let x = c - -136. Calculate the highest common factor of g and x.
12
Let h(g) be the second derivative of g**4/3 - g**3/3 + g**2/2 + 4*g. Let y be h(1). Let k be (-2)/7 - (-44)/7. What is the greatest common factor of k and y?
3
Let s be 1590/135 + 4*1/18. Let q(g) = 9*g. Let o be q(4). Calculate the greatest common divisor of o and s.
12
Let j be 67/5 - 8/20. Let n be (4 - 134)*(0 + -1). Suppose -4*r + 422 = -2*f, 2*r = -5*f + n + 63. Calculate the highest common factor of r and j.
13
Suppose -3 = k - 6. Let x be 8/(-6)*-3*1. Suppose -5*p - 3*w = -105, 0 = -x*w + 2*w. Calculate the greatest common divisor of p and k.
3
Suppose 0 = 6*d - 8 - 52. Let b = -9 - -10. Calculate the greatest common divisor of d and b.
1
Suppose 2*o - 4 = -0*o. Suppose 4*y - 224 = o*y. What is the highest common divisor of 16 and y?
16
Let i be (0 - 3) + 6 + 0. Calculate the greatest common divisor of 6 and i.
3
Suppose 0 = 5*j - 0*j - 45. What is the highest common factor of 18 and j?
9
Let u(a) = -3*a + 3. Let n be u(-13). Calculate the greatest common divisor of 14 and n.
14
Let y = -134 - -138. Calculate the greatest common factor of y and 5.
1
Let t(y) = -y + 6 + 5 - y**2 - 12*y. Let c be t(-12). Calculate the highest common divisor of c and 23.
23
Let k be (-12)/20*(-2 - 13). Let q(w) = 4*w - 8. Let n(m) = -4*m + 8. Let t(c) = 5*n(c) + 6*q(c). Let o be t(k). What is the greatest common factor of 4 and o?
4
Suppose 2*z - 3*s - 41 = 18, 0 = z - s - 27. Let v(j) = -28*j - 2. Let m be v(-4). What is the greatest common divisor of m and z?
22
Let v = 391 - 256. Suppose -2*d = -5*n - 40, 5*d - 81 = 2*n + n. What is the highest common divisor of v and d?
15
Let c = 59 + -27. Calculate the greatest common divisor of 288 and c.
32
Let p(b) = b. Suppose 0 = -0*i + i - 6. Let d be p(i). What is the greatest common factor of d and 9?
3
Suppose 0 = -4*d + 3*l + 2*l + 34, -d + 3*l = -12. Calculate the highest common factor of 2 and d.
2
Let i(k) = 3*k**2 - k + 1. Let t be i(-2). Let z = 56 + -122. Let n = 96 + z. Calculate the greatest common factor of n and t.
15
Suppose 5*u - 50 - 10 = 0. Let q = u - 7. Calculate the highest common divisor of q and 35.
5
Suppose -12*y + 24 = -9*y. Calculate the greatest common factor of 2 and y.
2
Suppose 41 = 6*l - 31. What is the highest common factor of l and 156?
12
Let s be 2/9 + (-158)/(-18). Let y be (-6)/s*6/(-2). Let b be -1 + 3 + -3 + y. What is the highest common factor of 2 and b?
1
Let l(p) = 5*p**2 + 17*p - 8. Let h be l(-8). What is the greatest common divisor of h and 11?
11
Let k(f) = -20*f - 80. Let c be k(-7). Calculate the highest common divisor of c and 90.
30
Let d be (-15)/6 + (-2)/(-4). Let y be d - (-1 + (0 - 2)). Suppose 0 = 3*o - b + y, 2*o + o - 7 = -b. What is the highest common factor of o and 9?
1
Suppose -o + 8 = -4. What is the highest common divisor of 30 and o?
6
Let b(w) = 2*w**2 - 6*w - 4. Let j be b(-5). Suppose -16*o + 5*o = -209. What is the highest common factor of o and j?
19
Let o be 1 + 53 + 4 + (-8)/4. What is the greatest common factor of 140 and o?
28
Let r = -18 - -26. What is the highest common factor of 8 and r?
8
Let x = 34 + -21. What is the greatest common divisor of 91 and x?
13
Suppose 0 = 2*y - 4*r - 22, 0 = -0*y - 3*y - r + 54. What is the highest common divisor of y and 34?
17
Let g(l) = 9*l - 17. Let j be g(9). Calculate the greatest common factor of 16 and j.
16
Suppose 3*i = 5*i - 26. Calculate the highest common factor of 104 and i.
13
Let d(y) = 5*y + 2. Let a be d(2). Let w(u) = u**3 + 6*u**2 - 6*u - 6. Let o be w(-6). What is the greatest common factor of a and o?
6
Suppose 2*s - 5*q + 28 = 4*s, s - q = 14. Let a(d) = -d**3 - 4*d**2 + 7*d + 24. Let v be a(-5). What is the greatest common factor of s and v?
14
Suppose 19 - 219 = -s. Calculate the highest common divisor of 25 and s.
25
Let z = 10 - 8. Suppose -6*k - z*u + 40 = -2*k, k - 3*u = 3. What is the greatest common factor of k and 72?
9
Suppose 2*f 